13.
23269
Convert -302215640 (base 7) to base 9.
-36045375
Convert -269696 (base 10) to base 9.
-450852
What is -1001114312 (base 5) in base 16?
-1e1b5a
Convert 363161 (base 8) to base 9.
208735
What is -8215a (base 12) in base 4?
-221121112
-1084c8 (base 14) to base 15
-b1226
Convert -4449c (base 13) to base 11.
-8504a
-22676200 (base 8) to base 2
-10010110111110010000000
What is -3003250 (base 6) in base 5?
-14000333
What is -10100110110000100011 (base 2) in base 7?
-5543244
b83acb (base 14) to base 9
12651103
What is -1123224220 (base 5) in base 8?
-11576067
27819 (base 14) to base 7
554432
-1245422251 (base 6) to base 13
-30c060a
What is 64ab11 (base 12) in base 13?
43ab9c
What is 3333223313 (base 4) in base 12?
42609b
What is -23310321 (base 4) in base 14?
-13921
-1ea62 (base 16) to base 15
-272e3
Convert -333 (base 6) to base 9.
-153
What is -348b2 (base 14) in base 3?
-20111111211
1000010100100100 (base 2) to base 14
c5c8
What is -361521 (base 10) in base 15?
-721b6
-2156375 (base 8) to base 4
-2031303331
Convert -110100111111101100 (base 2) to base 7.
-1562565
Convert 88431 (base 13) to base 16.
3c3fc
Convert 12020001021 (base 3) to base 13.
37a56
2277678 (base 9) to base 7
13322330
-2a97a0 (base 11) to base 10
-481448
Convert 5266164 (base 7) to base 9.
1172663
What is 743432 (base 8) in base 12?
bb336
170548 (base 10) to base 15
357ed
Convert -100101100100111011 (base 2) to base 10.
-153915
Convert -1061376 (base 8) to base 7.
-2305103
Convert -a5371 (base 14) to base 10.
-398567
What is 534012 (base 7) in base 3?
11201001100
What is 207760 (base 13) in base 12?
30744a
What is -5565795 (base 10) in base 6?
-315143323
-1068 (base 16) to base 15
-13a0
What is -1753418 (base 10) in base 7?
-20622002
1b1a47 (base 16) to base 12
717a87
What is -2424334 (base 5) in base 11?
-3128a
What is -548a318 (base 11) in base 6?
-542244233
Convert 3461610 (base 7) to base 4.
1222100121
Convert -1256884 (base 12) to base 10.
-3598948
Convert 10647 (base 8) to base 16.
11a7
36831ba (base 12) to base 7
156200545
-2a1879 (base 12) to base 8
-2546635
3a841 (base 15) to base 7
1410415
What is -2122204134 (base 5) in base 11?
-2598311
Convert -858675 (base 9) to base 4.
-1330321133
What is 1450301231 (base 6) in base 2?
1000101100000000111010011
What is 175900 (base 10) in base 13?
620aa
-150a9b (base 13) to base 16
-7df4c
Convert 174c51 (base 15) to base 13.
307471
Convert -6332 (base 12) to base 16.
-2a56
What is 319405 (base 10) in base 3?
121020010211
Convert 26437 (base 10) to base 5.
1321222
What is -10111100011111011111011 (base 2) in base 4?
-113203323323
What is 221012120 (base 5) in base 16?
e8eb3
What is -10231424110 (base 5) in base 2?
-101001001111011100010011
Convert -123149 (base 12) to base 7.
-2341032
Convert -5134221 (base 8) to base 5.
-321423334
Convert -11225331 (base 6) to base 5.
-42032233
Convert -1302714 (base 9) to base 13.
-1bb5b7
-c8581 (base 14) to base 6
-14212525
-18b95 (base 14) to base 7
-350445
-2533320 (base 6) to base 3
-20221201110
Convert -4002441224 (base 5) to base 12.
-276bbb7
222012 (base 7) to base 16
98c7
48160 (base 15) to base 10
229815
What is 113111 (base 6) in base 5?
303023
Convert 3bf49f (base 16) to base 13.
a775ca
What is -517336 (base 8) in base 2?
-101001111011011110
15621661 (base 8) to base 6
205241413
What is -1201112010020 (base 3) in base 11?
-575a95
-1907ca (base 13) to base 2
-10011001101110111011
What is 9e8a3 (base 15) in base 6?
14453100
Convert -164005121 (base 7) to base 6.
-1035332002
What is 3393425 (base 10) in base 12?
1177955
2110102112 (base 3) to base 4
23310221
13f194 (base 16) to base 14
260472
-2230653 (base 7) to base 8
-1033737
What is 12401243143 (base 5) in base 10?
15259173
-11630 (base 7) to base 12
-192b
-11334331 (base 6) to base 10
-354799
What is -122112042 (base 7) in base 4?
-131033312211
eb172 (base 15) to base 2
10110110001011011111
Convert -5b22 (base 16) to base 10.
-23330
What is 5c0cc (base 16) in base 4?
1130003030
-145625 (base 9) to base 13
-31937
Convert 425a352 (base 11) to base 15.
9d0c56
What is -aa48 (base 14) in base 13?
-10546
What is -23443436 (base 7) in base 10?
-2078117
Convert -3302344 (base 5) to base 8.
-156427
What is -224221424 (base 5) in base 2?
-11110110000001111011
47060 (base 12) to base 10
95112
Convert 4e396 (base 15) to base 8.
751306
What is -2521520 (base 6) in base 14?
-373a8
Convert -110110222210 (base 3) to base 7.
-2042142
Convert -5925 (base 15) to base 2.
-100100111110111
Convert 1012a91 (base 12) to base 14.
5857d3
Convert 118a97 (base 16) to base 2.
100011000101010010111
What is -757777 (base 9) in base 12?
-199614
What is 77735 (base 11) in base 4?
123200301
What is -4bb1 (base 15) in base 7?
-65026
36ab5 (base 12) to base 10
74153
-43440224 (base 5) to base 4
-1123122213
What is 3631110 (base 8) in base 4?
3303021020
Convert 40aa400 (base 11) to base 13.
1669451
Convert 11100220000 (base 3) to base 16.
14fb5
Convert 472551 (base 14) to base 10.
2426747
Convert 18b049 (base 13) to base 7.
5206161
What is -811321 (base 11) in base 13?
-368b68
-12c27 (base 16) to base 6
-1351423
-3a6a51 (base 14) to base 3
-10210102121101
-202011200200020 (base 3) to base 2
-101000111001011110001110
What is -81b1c (base 13) in base 11?
-149807
-1bbc47 (base 13) to base 12
-2a3a5a
-28188 (base 9) to base 12
-b08b
-321301320022 (base 4) to base 3
-1001111112002201
What is -111010001111101111001 (base 2) in base 12?
-780621
Convert -483b17 (base 12) to base 3.
-2012100012101
What is -23168 (base 12) in base 10?
-46880
What is 20131032303 (base 4) in base 9?
4147883
Convert -20a78 (base 15) to base 16.
-194bd
ab0abd (base 14) to base 7
100216126
What is -62017 (base 9) in base 6?
-513024
-d6e6 (base 15) to base 3
-2022100000
Convert -110200022 (base 3) to base 13.
-428c
-345151 (base 7) to base 11
-424a5
What is 2067d0 (base 14) in base 2?
100001011000000100010
What is -1268155 (base 10) in base 15?
-1a0b3a
Convert 239 (base 13) to base 7.
1061
What is 2421332043 (base 5) in base 9?
11564254
1970227 (base 11) to base 7
40152213
Convert -51331656 (base 7) to base 14.
-7daa66
What is -845a6 (base 13) in base 9?
-402740
-9d023 (base 14) to base 2
-1011101001000000111
What is -795b93 (base 13) in base 8?
-12743510
Convert -b9b43 (base 14) to base 8.
-1555717
-7620 (base 13) to base 12
-9603
What is 10644151 (base 7) in base 10?
935446
What is -123020003 (base 4) in base 8?
-331003
What is 5fafb (base 16) in base 7?
3221441
What is -a4395 (base 11) in base 10?
-152201
Convert 23633 (base 8) to base 10.
10139
Convert 344031 (base 8) to base 6.
2300321
What is 26060507 (base 8) in base 13?
127a47c
Convert 10144210 (base 5) to base 3.
11021122102
-333112222300 (base 4) to base 8
-77265260
Convert 21712245 (base 8) to base 9.
8738883
What is -1006674 (base 9) in base 8?
-2027460
What is -10002133 (base 4) in base 15?
-4d7d
Convert 4136176 (base 9) to base 6.
115202540
301331100 (base 4) to base 13
721a4
Convert 10100000101111111101 (base 2) to base 14.
131d49
What is -1013001333 (base 5) in base 16?
-1fb687
-359671 (base 10) to base 8
-1276367
Convert -13d01a (base 14) to base 3.
-1021222210221
Convert -1052320 (base 6) to base 2.
-1101000110111000
Convert 54a51 (base 11) to base 2.
10011011110110011
322366 (base 8) to base 3
12110211100
Convert -45123211 (base 7) to base 16.
-3b9689
Convert -2200101120111 (base 3) to base 12.
-588704
2688067 (base 9) to base 7
15353626
2b5c59 (base 13) to base 3
2000100112212
-1b06c4 (base 16) to base 10
-1771204
-1021233423 (base 5) to base 8
-10107155
What is -600e25 (base 16) in base 13?
-13c53c9
What is -b974b1 (base 14) in base 7?
-104252511
What is -6415300 (base 7) in base 5?
-144334020
Convert cca91 (base 13) to base 4.
1122203120
What is 48937 (base 12) in base 11?
67789
Convert -1bd052 (base 14) to base 8.
-3631460
2212112000112 (base 3) to base 15
20215b
What is -142cb1 (base 13) in base 8?
-1701107
What is -266056 (base 9) in base 7?
-1242660
Convert 12941d (base 16) to base 7.
13230516
What is -69978 (base 11) in base 6?
-2055331
What is 227085 (base 9) in base 12?
66b28
What is 74490 (base 11) in base 14?
2b706
-1232040043 (base 5) to base 12
-10096a3
-2320012001 (base 4) to base 8
-2700601
What is 203110